(-3)/(-8)) a composite number?
False
Let s(c) = c**3 + 5*c**2 + 6*c + 13. Let f be s(-4). Suppose f*n + 0*n - m - 189 = 0, 4*m = 3*n - 110. Is n prime?
False
Let c = -1018 - -649. Let u = c + 926. Is u prime?
True
Let d(m) = -m**3 - 7*m**2 + 10*m - 20. Let v be d(-11). Let g = 619 - v. Is g a composite number?
True
Let i(h) = 1 + h**2 - 321*h**3 - 2 - 2. Let s be i(-3). Is ((-4)/(-6))/(14/s) prime?
False
Is 53649 + ((-2)/(-4))/(26/(-312)) composite?
True
Let d(s) = -s**2 + 9*s - 2. Let l be d(9). Let q be -18 - 2/((-4)/l). Let i = 130 - q. Is i a composite number?
False
Let z = 13 - 7. Is (3/z)/(1/286) a prime number?
False
Let o = -576 - -1075. Is o a composite number?
False
Let k be (30/(-36))/(2/(-12)). Suppose -3*w - 2*i = -w - 496, 15 = -k*i. Let p = w - 130. Is p composite?
True
Let d be 2/8 - 6/24. Suppose -5*t + 10 = d, 6*b - 4*t - 2562 = b. Is b a composite number?
True
Let c be ((-5)/(-4))/((-4)/560). Let f = c + 294. Is f prime?
False
Let a = 1132 + -773. Is a a prime number?
True
Let q be 5/(-20) - 2055/(-24)*2. Suppose 0 = -x + 566 + q. Is x a prime number?
False
Let f(i) be the second derivative of -8*i**3 - 41*i**2/2 + 10*i. Is f(-14) a composite number?
False
Suppose 3*u - 4 = 4*u. Let j(t) = -t - 5. Let q be j(u). Let y = q + 68. Is y prime?
True
Let a(l) = 76*l**2 - 9*l - 3. Let u be a(-7). Is (u/6 - 2) + (-2)/(-6) composite?
True
Suppose -r + 1072 + 11767 = -5*q, -3*r - 5*q + 38517 = 0. Is r a prime number?
False
Suppose 2*m = -5*l - 2629, l = 4*m - 2*l + 5271. Let f = m + 2254. Is f a prime number?
True
Let x = 83 + -113. Is (20/x)/(2/(-34053)) composite?
False
Suppose 0 = -4*u - 5*k + 1954, 27 = u + 2*k - 460. Is u composite?
False
Suppose -5*k = r + 21, -3*k - 2 = r + 9. Suppose 2*i = -4*y - i + 2693, 0 = -r*y + 3*i + 2723. Is y composite?
False
Let c(z) = -z + 1. Let h be c(-5). Suppose 0 = -x - h. Let v(k) = -k**3 - 4*k**2 + 5*k - 8. Is v(x) prime?
False
Let y be (-72)/(-6) - (-1 - 0). Let v = y - 14. Is v/8*-4*586 a composite number?
False
Suppose 16 = 10*w - 2*w. Suppose w*j - 4 = -0*j, 5*j + 479 = 3*q. Is q prime?
True
Let z be (-34)/(-9) + 0 - 6/(-27). Is z + 0 + -6 + 76 a composite number?
True
Let a be 4/10 + (-1442)/(-70). Let x be (-8)/(-6)*(-9)/6. Let t = a + x. Is t prime?
True
Let v(s) = -7*s**3 + s**2 + 6*s + 1. Let l be v(-4). Suppose 2*o = -h + l, 0 = h + 2*o - 5*o - 451. Is h prime?
False
Let u = -27 + 31. Suppose -3*k + 6908 = 2*y, -5*y - u*k + 17287 = -5*k. Is y composite?
False
Let x(d) = d**3 - 9*d**2 - 9*d - 9. Let r be x(10). Suppose m - 5 = -r. Suppose m*o - 188 = -56. Is o a prime number?
False
Suppose 3*h = w - 63, 0 = -5*h + 5*w - 118 + 3. Is 846/4 + 2 + h/8 composite?
False
Let j(v) = v + 1. Let y(i) = 13*i**2 + 17*i**3 - 18*i**3 + 18*i + 2*i**2 - 7. Let r(n) = 6*j(n) + y(n). Is r(16) a prime number?
True
Suppose 2*u - 7*u + 10 = 0. Suppose 3*k = 5*l - 3743, -u*l - k = 12 - 1518. Suppose -2*o = j - l, -4*j - j = 2*o - 771. Is o a composite number?
False
Let v = 1062 - 573. Suppose -7*o + 2*o + 33 = 2*d, -2*d + 3*o - 7 = 0. Suppose r - d*r + v = 0. Is r a prime number?
True
Suppose -3574 = -x - 475. Let f = x + -2115. Suppose 0 = -2*l + 2*o - o + 498, 4*l - 5*o = f. Is l a prime number?
True
Let u be (0 - (-1608)/(-14))*-7. Let j = 1137 - u. Is j - (-2 + -1 + 5) prime?
True
Let p = 2878 - 1058. Let v = p + -2660. Let g = -511 - v. Is g prime?
False
Is (-126926)/(-12) + (-49)/294 composite?
True
Let x = -189 - -184. Let k(n) be the second derivative of n**5/20 + 11*n**4/12 + 2*n**3/3 + n**2/2 + n. Is k(x) prime?
True
Let l = 911 + 738. Suppose l = y + 178. Is y composite?
False
Let t be 2/3*(-12)/(-8). Let q be (-4)/(-8)*36/t. Is 11354/q + 8/36 a composite number?
False
Suppose 0 = -w - 3*h + 2*h + 9, 0 = 2*w + 4*h - 26. Suppose 4*f + 2*y + 92 = 3636, -4427 = -w*f - 4*y. Is f prime?
True
Let u = 59 + -107. Is (-30304)/u + 2/(-1 - 5) a prime number?
True
Suppose -281083 - 167113 = -14*p. Is p a composite number?
True
Let q = 15 - 30. Is (-5766)/(-9) - 5/q composite?
False
Let n be 14*-6*(-4)/16. Is -4 - -1 - (-966)/n prime?
True
Let w be (-10)/(-10)*(-2352)/(-2). Let b = w - -179. Suppose 4*f = 2*d + 6*f - 902, -3*d - 4*f = -b. Is d composite?
False
Suppose -n + 966 = 94. Let z = 1579 - n. Is z a prime number?
False
Let b = -3 + -7. Let v(g) = -g**2 - 16*g + 7. Is v(b) a prime number?
True
Let l(o) = 133*o + 14. Let i be l(6). Suppose -12*p + 8*p = -i. Is p composite?
True
Let l(a) = -a**3 + 2*a**2 - 1. Let b be (-3)/(-6) - (-3)/2. Let c be l(b). Is ((-2)/5)/(c/85) a prime number?
False
Let g(d) = d**2 + 1. Suppose -19 = -5*q - 3*y, 2*q - 4*y + 11 = y. Let t be g(q). Suppose -t*a + a = -1228. Is a a prime number?
True
Suppose -4*r = 4*m + 4, -3*m + 5*m + 10 = -4*r. Let q be 2/4 + (-10)/r. Suppose -5*g - 2*b + 2243 = -b, -g + q*b + 455 = 0. Is g prime?
True
Let h = -74 + 229. Is h composite?
True
Is (-26360)/(-28) + (-6)/14 prime?
True
Let g = 193 + -200. Let f(y) be the second derivative of -y**3/2 + 6*y**2 + 2*y. Is f(g) prime?
False
Let j = 68 + -10. Suppose 4*z = -z + 275. Let m = z + j. Is m prime?
True
Suppose -3*h + t + 6976 = 0, h - 3*h - t = -4659. Is h a composite number?
True
Suppose -12*t + 167 - 575 = 0. Let h = 113 + t. Is h a composite number?
False
Let x(a) = 2294*a + 16. Let k be x(7). Suppose 6486 = 6*m - k. Suppose 3*g = -2*o + 1874, 3*g = -3*o - o + m. Is o prime?
False
Let r(w) = -2*w**2 + 6*w + 3. Let x be r(3). Let z be (4/x)/(4/4854). Let v = 2979 - z. Is v composite?
False
Suppose 5*n - 2 = 2*g + 3, -4*g + 4*n = -8. Suppose 249 = g*l - h - 316, 2*h + 452 = 4*l. Is l a composite number?
False
Is 0 + 3 + 9059 - 3 composite?
False
Suppose -4*o - 30 = o. Let r be (-4750)/o + (-6)/9. Suppose 0 = 3*c + 4*h - r, 0*h = h + 4. Is c a composite number?
False
Suppose y - d = 4, 3*d - 4 = -2*y + 4. Suppose 2*j = -m + 1575, -3156 = -j - 3*j - y*m. Suppose -2*n = -q - j, -2*n + 132 = -4*q - 642. Is n composite?
True
Let l(x) = 719*x**3 - 2*x**2 + 12*x - 19. Is l(2) prime?
True
Suppose 49*t + 104100 - 723803 = 0. Is t composite?
False
Suppose -3*w = w - 336. Let r be (-36)/w + 314/14. Suppose i - 89 = -r. Is i prime?
True
Suppose 5*z = -3*x - 59, -x + 7*z - 1 = 4*z. Let t = x + 15. Suppose -3*c = 4*n - 59, 5*c - c = -t*n + 82. Is c a composite number?
True
Let a(w) = -19*w**2 + 7*w + 6. Let y(t) = 19*t**2 - 8*t - 6. Let p(h) = 3*a(h) + 2*y(h). Let c be p(-5). Is c/(-10) + (-14)/35 a composite number?
True
Let a(j) = -1. Let q(o) = -7*o - 7. Let u(m) = -3*a(m) + q(m). Let n be u(11). Let t = n - -139. Is t a prime number?
False
Suppose 0 = 11*t + t - 8616. Is t a prime number?
False
Suppose -b + 4*f = -4845, 2*b - 3*b = 5*f - 4881. Is b a prime number?
True
Suppose -2*a = 9*j - 8*j - 51678, -3*j = -3*a + 77535. Is a composite?
False
Is 2/8 - 0 - (-40662)/72 a composite number?
True
Suppose -39 + 33 = -2*n. Let s(y) = 2*y**3 + 2*y**2 - 3. Is s(n) a prime number?
False
Let b = 23440 + 9847. Is b composite?
False
Let v(g) = g**2 + 4*g + 4. Let l be v(-2). Suppose 2*f + 4*f + 102 = l. Let x(y) = -y**2 - 27*y + 15. Is x(f) a composite number?
True
Let n(j) = 4815*j**2 + 17*j + 33. Is n(-2) prime?
True
Suppose 6*r = -2*r + 2392. Is r a prime number?
False
Suppose 0*w - 4*x - 930 = -5*w, 0 = 3*w + 2*x - 580. Suppose -w = 4*l - 14. Let i = l + 90. Is i a composite number?
True
Suppose 3*j = -w - 5, 4*w - 24 = w + 4*j. Let l be (w - 3) + (-2 - -3). Suppose l*h + h - 133 = 2*d, 4*d = -8. Is h a composite number?
False
Let q = 49157 - 19750. Is q composite?
True
Suppose 3*y - 2*y = 0. Let i be 6 + y/(3/3). Is 560/49 + i/(-14) a prime number?
True
Suppose 5*d - v = 3*v + 984, d - 195 = -v. Suppose a + 25 = 2*u - d, -3*a = -u + 108. Is u a prime number?
False
Let u(h) = -5*h**3 - 6*h - 2. Let l(a) = -9*a**3 + a**2 - 11*a - 3. Let s(f) = 6*l(f) - 11*u(f). Let o be s(-6). Suppose r + 99 = o*r. Is r a prime number?
False
Suppose -5*k = -n - 76389, 97*n = 2*k + 95*n - 30554. Is k a prime number?
False
Let u = 10476 + -7367. Is u a composite number?
False
Suppose 0 = 77*a - 16*a - 148169. Is a prime?
False
Let q be ((-60)/(-28) - 3)/((-4)/14). Is (-9 - -8)/(((-9)/1434)/q) a prime number?
False
Suppose 0 = 4*z + 4*v, -5*z + 8 = -0*v + v. Suppose z*s + 4 - 8 = 0. Let t(p) = 7*p**2 + 4*p - 3. Is t(s) a co